{"id":3528,"date":"2025-02-26T18:41:15","date_gmt":"2025-02-26T21:41:15","guid":{"rendered":"https:\/\/6cbt.tuneis.org.br\/esp\/?page_id=3528"},"modified":"2025-03-26T17:34:28","modified_gmt":"2025-03-26T20:34:28","slug":"visitas-tecnicas","status":"publish","type":"page","link":"https:\/\/6cbt.tuneis.org.br\/esp\/index.php\/visitas-tecnicas\/","title":{"rendered":"Visitas T\u00e9cnicas"},"content":{"rendered":"\t\t<div data-elementor-type=\"wp-page\" data-elementor-id=\"3528\" class=\"elementor elementor-3528\" data-elementor-settings=\"[]\">\n\t\t\t\t\t\t<div class=\"elementor-inner\">\n\t\t\t\t\t\t\t<div class=\"elementor-section-wrap\">\n\t\t\t\t\t\t\t<section class=\"elementor-section elementor-top-section elementor-element elementor-element-7deeb73 elementor-section-boxed elementor-section-height-default elementor-section-height-default\" data-id=\"7deeb73\" data-element_type=\"section\">\n\t\t\t\t\t\t<div class=\"elementor-container elementor-column-gap-default\">\n\t\t\t\t\t\t\t<div class=\"elementor-row\">\n\t\t\t\t\t<div class=\"elementor-column elementor-col-100 elementor-top-column elementor-element elementor-element-25b7041\" data-id=\"25b7041\" data-element_type=\"column\">\n\t\t\t<div class=\"elementor-column-wrap elementor-element-populated\">\n\t\t\t\t\t\t\t<div class=\"elementor-widget-wrap\">\n\t\t\t\t\t\t<div class=\"elementor-element elementor-element-9313579 elementor-widget elementor-widget-html\" data-id=\"9313579\" data-element_type=\"widget\" data-widget_type=\"html.default\">\n\t\t\t\t<div class=\"elementor-widget-container\">\n\t\t\t<div class=\"visit-card\">\n    <div class=\"visit-header\">VT VIA APPIA (l\u00edmite 15 personas)<\/div>\n    <div class=\"visit-content\">\n        <div class=\"info-grid\">\n            <div class=\"info-item\">\n                <strong>Fecha<\/strong>\n                <span>13\/03 (jueves)<\/span>\n            <\/div>\n            <div class=\"info-item\">\n                <strong>Horario<\/strong>\n                <span>7:30 a 16:00<\/span>\n            <\/div>\n            <div class=\"info-item\">\n                <strong>Valor<\/strong>\n                <span>R$75,00<\/span>\n            <\/div>\n        <\/div>\n\n        <div class=\"section-title\">Sobre los EPI<\/div>\n        <p>Proporcionaremos chalecos y cascos. Recomendamos que los visitantes usen calzado cerrado y con suela antideslizante, debido a los tipos de exposiciones a los riesgos ambientales que podr\u00e1n encontrar en nuestra obra. Lo ideal ser\u00eda que, siempre que est\u00e9n in situ, en el campo, lleven botas que contengan C.A.<\/p>\n\n        <div class=\"section-title\">Programaci\u00f3n<\/div>\n        <div class=\"schedule\">\n            <div class=\"schedule-item\">\n                <span class=\"schedule-time\">7:30<\/span> - Salida desde frente al Frei Caneca\n            <\/div>\n            <div class=\"schedule-item\">\n                <span class=\"schedule-time\">9:30<\/span> - Llegada a la oficina de Via SP Serra. All\u00ed, los visitantes ser\u00e1n recibidos con un caf\u00e9 y nuestro Director de Ingenier\u00eda e Implantaci\u00f3n, Luis Sette, har\u00e1 una presentaci\u00f3n sobre el proyecto del Rodoanel Norte.\n            <\/div>\n            <div class=\"schedule-item\">\n                Despu\u00e9s de la presentaci\u00f3n, seguiremos por dentro de la obra hasta el t\u00fanel 501.\n            <\/div>\n            <div class=\"schedule-item\">\n                <span class=\"schedule-time\">13:00<\/span> - Almuerzo en el comedor del aeropuerto\n            <\/div>\n            <div class=\"schedule-item\">\n                <span class=\"schedule-time\">15:00<\/span> - Visita al t\u00fanel 101\n            <\/div>\n            <div class=\"schedule-item\">\n                Al final de la visita, regresaremos al Frei Caneca\n            <\/div>\n        <\/div>\n    <\/div>\n<\/div>\n\n<div class=\"visit-card\">\n    <div class=\"visit-header\">VT L\u00ednea 6 (l\u00edmite 15 personas)<\/div>\n    <div class=\"visit-content\">\n        <div class=\"info-grid\">\n            <div class=\"info-item\">\n                <strong>Fecha<\/strong>\n                <span>13\/03 (jueves)<\/span>\n            <\/div>\n            <div class=\"info-item\">\n                <strong>Horario<\/strong>\n                <span>09:00 a 11:00<\/span>\n            <\/div>\n            <div class=\"info-item\">\n                <strong>Valor<\/strong>\n                <span>R$75,00<\/span>\n            <\/div>\n        <\/div>\n\n        <div class=\"section-title\">Sobre los EPI<\/div>\n        <p>Es obligatorio el uso de pantalones largos, camiseta (o camisa) de manga larga. No est\u00e1 permitida la entrada en la obra a personas que utilicen camisetas de tirantes, faldas, vestidos y\/o sandalias y bailarinas. Se proporcionar\u00e1n cascos, chalecos y botas de protecci\u00f3n.<\/p>\n\n        <div class=\"section-title\">Programaci\u00f3n<\/div>\n        <div class=\"schedule\">\n            <div class=\"schedule-item\">\n                <span class=\"schedule-time\">08:15<\/span> \u2013 Salida desde frente al Shopping Frei Caneca.\n            <\/div>\n            <div class=\"schedule-item\">\n                <span class=\"schedule-time\">09:00<\/span> \u2013 Llegada a la Estaci\u00f3n Santa Marina, donde se realizar\u00e1 una presentaci\u00f3n del proyecto y una visita a la obra civil en ejecuci\u00f3n, con una duraci\u00f3n aproximada de 2 horas en total.\n            <\/div>\n             <div class=\"schedule-item\">\n                <span class=\"schedule-time\">09:00<\/span> \u2013  Llegada de los visitantes al Patio Morro Grande\n            <\/div>\n            <div class=\"schedule-item\">\n                <span class=\"schedule-time\">09:10<\/span> \u2013 Recepci\u00f3n en la sala de reuniones \u2013 Presentaci\u00f3n del proyecto\n            <\/div>\n            <div class=\"schedule-item\">\n                <span class=\"schedule-time\">09:50<\/span> \u2013 Distribuci\u00f3n de los EPI (Equipos de Protecci\u00f3n Individual)\n            <\/div>\n            <div class=\"schedule-item\">\n                <span class=\"schedule-time\">10:00<\/span> \u2013 Visita a las Obras Civiles \u2013 recorrido por el t\u00fanel de conexi\u00f3n del Patio a la Estaci\u00f3n Brasil\u00e2ndia\n            <\/div>\n            <div class=\"schedule-item\">\n                <span class=\"schedule-time\">11:00<\/span> \u2013 Regreso a la sala de reuniones \/ Finalizaci\u00f3n de la visita\n            <\/div>\n\n            <div class=\"schedule-item\">\n                Al final de la visita, los visitantes regresar\u00e1n al punto de encuentro en el Shopping Frei Caneca.\n            <\/div>\n        <\/div>\n\n        <div class=\"notes\">\n            <h4>Observaciones<\/h4>\n            <ul>\n                <li>Dentro de la obra no se deben realizar grabaciones de v\u00eddeo y\/o fotos sin la autorizaci\u00f3n de Linha Uni.<\/li>\n                <li>Es obligatoria la firma del Termino de Responsabilidad, Confidencialidad y Seguridad (adjunto). En caso de que no pueda traerlo firmado, no se preocupe, pueden firmarlo en el momento de la visita.<\/li>\n            <\/ul>\n        <\/div>\n    <\/div>\n<\/div>\n\n<div class=\"visit-card\">\n    <div class=\"visit-header\">VT L\u00ednea 2 (l\u00edmite 10 personas)<\/div>\n    <div class=\"visit-content\">\n        <div class=\"info-grid\">\n            <div class=\"info-item\">\n                <strong>Fecha<\/strong>\n                <span>15\/03 (s\u00e1bado)<\/span>\n            <\/div>\n            <div class=\"info-item\">\n                <strong>Horario<\/strong>\n                <span>08:30 a 10:30<\/span>\n            <\/div>\n            <div class=\"info-item\">\n                <strong>Valor<\/strong>\n                <span>R$75,00<\/span>\n            <\/div>\n        <\/div>\n\n        <div class=\"section-title\">Sobre los EPI<\/div>\n        <p>Los participantes deben llevar botas de seguridad. Los dem\u00e1s EPI ser\u00e1n facilitados por la obra.<\/p>\n\n        <div class=\"section-title\">Programaci\u00f3n<\/div>\n        <div class=\"schedule\">\n            <div class=\"schedule-item\">\n                <span class=\"schedule-time\">7:30<\/span> \u2013 Salida desde frente al Shopping Frei Caneca.\n            <\/div>\n            <div class=\"schedule-item\">\n                <span class=\"schedule-time\">8:30<\/span> \u2013 Llegada al Complejo Rapadura, donde se realizar\u00e1 una presentaci\u00f3n del proyecto y una visita al t\u00fanel y a la tuneladora, con una duraci\u00f3n de aproximadamente 2 horas en total.\n            <\/div>\n            <div class=\"schedule-item\">\n                Al final de la visita, los visitantes regresar\u00e1n al punto de encuentro en el Shopping Frei Caneca.\n            <\/div>\n        <\/div>\n    <\/div>\n<\/div>\n\n<div class=\"general-notes\">\n    <h3>Observaciones Generales<\/h3>\n    <ul>\n        <li>La visita no es recomendada para personas con movilidad reducida.<\/li>\n        <li>No est\u00e1 permitido acceder a las obras con coche propio.<\/li>\n        <li>No se permitir\u00e1 la entrada a personas que no est\u00e9n en la lista de participantes.<\/li>\n    <\/ul>\n<\/div>\t\t<\/div>\n\t\t\t\t<\/div>\n\t\t\t\t<div class=\"elementor-element elementor-element-efb608b elementor-widget elementor-widget-html\" data-id=\"efb608b\" data-element_type=\"widget\" data-widget_type=\"html.default\">\n\t\t\t\t<div class=\"elementor-widget-container\">\n\t\t\t<style>\n        :root {\n            --primary: #005b96;\n            --primary-light: #e1f1ff;\n            --accent: #ff9800;\n            --gray-dark: #333;\n            --gray-medium: #666;\n            --gray-light: #f5f5f5;\n            --shadow: 0 2px 10px rgba(0,0,0,0.1);\n        }\n        \n        body {\n            font-family: 'Segoe UI', Tahoma, Geneva, Verdana, sans-serif;\n            line-height: 1.6;\n            color: var(--gray-dark);\n            margin: 0 auto;\n            padding: 20px;\n            background-color: #fff;\n        }\n        \n        h1 {\n            color: var(--primary);\n            text-align: center;\n            margin: 20px 0 40px;\n            font-size: 2.5rem;\n            position: relative;\n            padding-bottom: 15px;\n        }\n        \n        h1:after {\n            content: '';\n            position: absolute;\n            bottom: 0;\n            left: 50%;\n            transform: translateX(-50%);\n            width: 100px;\n            height: 3px;\n            background-color: var(--accent);\n        }\n        \n        .visit-card {\n            background-color: #fff;\n            border-radius: 8px;\n            box-shadow: var(--shadow);\n            margin-bottom: 30px;\n            overflow: hidden;\n            transition: transform 0.3s ease;\n        }\n        \n        .visit-card:hover {\n            transform: translateY(-5px);\n        }\n        \n        .visit-header {\n            background-color: var(--primary);\n            color: white;\n            padding: 15px 20px;\n            font-size: 1.4rem;\n            font-weight: bold;\n        }\n        \n        .visit-content {\n            padding: 20px;\n        }\n        \n        .info-grid {\n            display: grid;\n            grid-template-columns: repeat(auto-fit, minmax(200px, 1fr));\n            gap: 15px;\n            margin-bottom: 20px;\n        }\n        \n        .info-item {\n            background-color: var(--primary-light);\n            padding: 10px 15px;\n            border-radius: 5px;\n        }\n        \n        .info-item strong {\n            display: block;\n            color: var(--primary);\n            margin-bottom: 5px;\n            font-size: 0.9rem;\n            text-transform: uppercase;\n        }\n        \n        .info-item span {\n            font-size: 1.1rem;\n        }\n        \n        .section-title {\n            font-size: 1.2rem;\n            color: var(--primary);\n            margin: 20px 0 10px;\n            border-bottom: 1px solid #eee;\n            padding-bottom: 5px;\n        }\n        \n        .schedule {\n            margin-left: 20px;\n        }\n        \n        .schedule-item {\n            margin-bottom: 10px;\n        }\n        \n        .schedule-time {\n            font-weight: bold;\n        }\n        \n        .notes {\n            background-color: var(--gray-light);\n            padding: 15px;\n            border-radius: 5px;\n            margin-top: 15px;\n        }\n        \n        .notes h4 {\n            margin-top: 0;\n            margin-bottom: 10px;\n            color: var(--gray-medium);\n        }\n        \n        .notes ul {\n            margin: 0;\n            padding-left: 20px;\n        }\n        \n        .general-notes {\n            background-color: #fff9e6;\n            border-left: 3px solid var(--accent);\n            padding: 15px 20px;\n            margin: 40px 0 20px;\n        }\n        \n        .general-notes h3 {\n            margin-top: 0;\n            color: var(--accent);\n        }\n        \n        @media (max-width: 768px) {\n            .info-grid {\n                grid-template-columns: 1fr;\n            }\n        }\n    <\/style>\t\t<\/div>\n\t\t\t\t<\/div>\n\t\t\t\t\t\t<\/div>\n\t\t\t\t\t<\/div>\n\t\t<\/div>\n\t\t\t\t\t\t\t\t<\/div>\n\t\t\t\t\t<\/div>\n\t\t<\/section>\n\t\t\t\t<section class=\"elementor-section elementor-top-section elementor-element elementor-element-97c491f elementor-hidden-desktop elementor-hidden-tablet elementor-hidden-phone elementor-section-boxed elementor-section-height-default elementor-section-height-default\" data-id=\"97c491f\" data-element_type=\"section\">\n\t\t\t\t\t\t<div class=\"elementor-container elementor-column-gap-default\">\n\t\t\t\t\t\t\t<div class=\"elementor-row\">\n\t\t\t\t\t<div class=\"elementor-column elementor-col-50 elementor-top-column elementor-element elementor-element-8826533\" data-id=\"8826533\" data-element_type=\"column\">\n\t\t\t<div class=\"elementor-column-wrap elementor-element-populated\">\n\t\t\t\t\t\t\t<div class=\"elementor-widget-wrap\">\n\t\t\t\t\t\t<div class=\"elementor-element elementor-element-f58727d elementor-widget elementor-widget-button\" data-id=\"f58727d\" data-element_type=\"widget\" data-widget_type=\"button.default\">\n\t\t\t\t<div class=\"elementor-widget-container\">\n\t\t\t\t\t<div class=\"elementor-button-wrapper\">\n\t\t\t<a href=\"https:\/\/web.eventogyn.com.br\/event\/6cbtlat\/site\/index\/content\/inscricoes?locale=pt\" target=\"_blank\" class=\"elementor-button-link elementor-button elementor-size-sm\" role=\"button\">\n\t\t\t\t\t\t<span class=\"elementor-button-content-wrapper\">\n\t\t\t\t\t\t<span class=\"elementor-button-text\">Haz clic aqu\u00ed para inscribirte en la Visita T\u00e9cnica<\/span>\n\t\t<\/span>\n\t\t\t\t\t<\/a>\n\t\t<\/div>\n\t\t\t\t<\/div>\n\t\t\t\t<\/div>\n\t\t\t\t\t\t<\/div>\n\t\t\t\t\t<\/div>\n\t\t<\/div>\n\t\t\t\t<div class=\"elementor-column elementor-col-50 elementor-top-column elementor-element elementor-element-c670f77\" data-id=\"c670f77\" data-element_type=\"column\">\n\t\t\t<div class=\"elementor-column-wrap elementor-element-populated\">\n\t\t\t\t\t\t\t<div class=\"elementor-widget-wrap\">\n\t\t\t\t\t\t<div class=\"elementor-element elementor-element-08121a7 elementor-widget elementor-widget-button\" data-id=\"08121a7\" data-element_type=\"widget\" data-widget_type=\"button.default\">\n\t\t\t\t<div class=\"elementor-widget-container\">\n\t\t\t\t\t<div class=\"elementor-button-wrapper\">\n\t\t\t<a href=\"https:\/\/web.eventogyn.com.br\/event\/6cbtlat\/site\/content\/area-do-participante\" target=\"_blank\" class=\"elementor-button-link elementor-button elementor-size-sm\" role=\"button\">\n\t\t\t\t\t\t<span class=\"elementor-button-content-wrapper\">\n\t\t\t\t\t\t<span class=\"elementor-button-text\">Si ya est\u00e1 inscrito, haga clic aqu\u00ed para agregar la Visita T\u00e9cnica<\/span>\n\t\t<\/span>\n\t\t\t\t\t<\/a>\n\t\t<\/div>\n\t\t\t\t<\/div>\n\t\t\t\t<\/div>\n\t\t\t\t\t\t<\/div>\n\t\t\t\t\t<\/div>\n\t\t<\/div>\n\t\t\t\t\t\t\t\t<\/div>\n\t\t\t\t\t<\/div>\n\t\t<\/section>\n\t\t\t\t<section class=\"elementor-section elementor-top-section elementor-element elementor-element-bb862b2 elementor-hidden-desktop elementor-hidden-tablet elementor-hidden-phone elementor-section-boxed elementor-section-height-default elementor-section-height-default\" data-id=\"bb862b2\" data-element_type=\"section\">\n\t\t\t\t\t\t<div class=\"elementor-container elementor-column-gap-default\">\n\t\t\t\t\t\t\t<div class=\"elementor-row\">\n\t\t\t\t\t<div class=\"elementor-column elementor-col-100 elementor-top-column elementor-element elementor-element-36e2715\" data-id=\"36e2715\" data-element_type=\"column\">\n\t\t\t<div class=\"elementor-column-wrap elementor-element-populated\">\n\t\t\t\t\t\t\t<div class=\"elementor-widget-wrap\">\n\t\t\t\t\t\t<div class=\"elementor-element elementor-element-d745d0b elementor-widget elementor-widget-button\" data-id=\"d745d0b\" data-element_type=\"widget\" data-widget_type=\"button.default\">\n\t\t\t\t<div class=\"elementor-widget-container\">\n\t\t\t\t\t<div class=\"elementor-button-wrapper\">\n\t\t\t<a href=\"https:\/\/6cbt.tuneis.org.br\/wp-content\/uploads\/2025\/02\/6\u00baCBT-LAT-Template-apresenta\u00e7\u00e3o-de-trabalhos-final.pptx\" target=\"_blank\" class=\"elementor-button-link elementor-button elementor-size-sm\" role=\"button\">\n\t\t\t\t\t\t<span class=\"elementor-button-content-wrapper\">\n\t\t\t\t\t\t<span class=\"elementor-button-text\">Plantilla para Presentaci\u00f3n<\/span>\n\t\t<\/span>\n\t\t\t\t\t<\/a>\n\t\t<\/div>\n\t\t\t\t<\/div>\n\t\t\t\t<\/div>\n\t\t\t\t\t\t<\/div>\n\t\t\t\t\t<\/div>\n\t\t<\/div>\n\t\t\t\t\t\t\t\t<\/div>\n\t\t\t\t\t<\/div>\n\t\t<\/section>\n\t\t\t\t\t\t<\/div>\n\t\t\t\t\t\t<\/div>\n\t\t\t\t\t<\/div>\n\t\t","protected":false},"excerpt":{"rendered":"<p>VT VIA APPIA (l\u00edmite 15 personas) Fecha 13\/03 (jueves) Horario 7:30 a 16:00 Valor R$75,00 Sobre los EPI Proporcionaremos chalecos y cascos. Recomendamos que los visitantes usen calzado cerrado y con suela antideslizante, debido a los tipos de exposiciones a los riesgos ambientales que podr\u00e1n encontrar en nuestra obra. Lo ideal ser\u00eda que, siempre que &hellip;<\/p>\n<p class=\"read-more\"> <a class=\"\" href=\"https:\/\/6cbt.tuneis.org.br\/esp\/index.php\/visitas-tecnicas\/\"> <span class=\"screen-reader-text\">Visitas T\u00e9cnicas<\/span> Leer m\u00e1s &raquo;<\/a><\/p>\n","protected":false},"author":1,"featured_media":0,"parent":0,"menu_order":0,"comment_status":"closed","ping_status":"closed","template":"","meta":{"footnotes":""},"class_list":["post-3528","page","type-page","status-publish","hentry"],"_links":{"self":[{"href":"https:\/\/6cbt.tuneis.org.br\/esp\/index.php\/wp-json\/wp\/v2\/pages\/3528"}],"collection":[{"href":"https:\/\/6cbt.tuneis.org.br\/esp\/index.php\/wp-json\/wp\/v2\/pages"}],"about":[{"href":"https:\/\/6cbt.tuneis.org.br\/esp\/index.php\/wp-json\/wp\/v2\/types\/page"}],"author":[{"embeddable":true,"href":"https:\/\/6cbt.tuneis.org.br\/esp\/index.php\/wp-json\/wp\/v2\/users\/1"}],"replies":[{"embeddable":true,"href":"https:\/\/6cbt.tuneis.org.br\/esp\/index.php\/wp-json\/wp\/v2\/comments?post=3528"}],"version-history":[{"count":23,"href":"https:\/\/6cbt.tuneis.org.br\/esp\/index.php\/wp-json\/wp\/v2\/pages\/3528\/revisions"}],"predecessor-version":[{"id":3590,"href":"https:\/\/6cbt.tuneis.org.br\/esp\/index.php\/wp-json\/wp\/v2\/pages\/3528\/revisions\/3590"}],"wp:attachment":[{"href":"https:\/\/6cbt.tuneis.org.br\/esp\/index.php\/wp-json\/wp\/v2\/media?parent=3528"}],"curies":[{"name":"wp","href":"https:\/\/api.w.org\/{rel}","templated":true}]}}