{"id":2004,"date":"2020-11-30T13:46:15","date_gmt":"2020-11-30T13:46:15","guid":{"rendered":"http:\/\/5cbt.tuneis.com.br\/5cbt\/?page_id=2004"},"modified":"2025-03-27T08:44:47","modified_gmt":"2025-03-27T11:44:47","slug":"inscricoes","status":"publish","type":"page","link":"https:\/\/6cbt.tuneis.org.br\/esp\/index.php\/inscricoes\/","title":{"rendered":"Inscripci\u00f3n"},"content":{"rendered":"\t\t<div data-elementor-type=\"wp-post\" data-elementor-id=\"2004\" class=\"elementor elementor-2004\" data-elementor-settings=\"[]\">\n\t\t\t\t\t\t<div class=\"elementor-inner\">\n\t\t\t\t\t\t\t<div class=\"elementor-section-wrap\">\n\t\t\t\t\t\t\t<section class=\"elementor-section elementor-top-section elementor-element elementor-element-a1d0437 elementor-section-boxed elementor-section-height-default elementor-section-height-default\" data-id=\"a1d0437\" data-element_type=\"section\">\n\t\t\t\t\t\t<div class=\"elementor-container elementor-column-gap-default\">\n\t\t\t\t\t\t\t<div class=\"elementor-row\">\n\t\t\t\t\t<div class=\"elementor-column elementor-col-100 elementor-top-column elementor-element elementor-element-179d63c\" data-id=\"179d63c\" data-element_type=\"column\">\n\t\t\t<div class=\"elementor-column-wrap elementor-element-populated\">\n\t\t\t\t\t\t\t<div class=\"elementor-widget-wrap\">\n\t\t\t\t\t\t<div class=\"elementor-element elementor-element-a1afb0e elementor-widget elementor-widget-heading\" data-id=\"a1afb0e\" data-element_type=\"widget\" data-widget_type=\"heading.default\">\n\t\t\t\t<div class=\"elementor-widget-container\">\n\t\t\t<h1 class=\"elementor-heading-title elementor-size-default\">Inscripci\u00f3n<\/h1>\t\t<\/div>\n\t\t\t\t<\/div>\n\t\t\t\t<div class=\"elementor-element elementor-element-605d63e elementor-widget elementor-widget-html\" data-id=\"605d63e\" data-element_type=\"widget\" data-widget_type=\"html.default\">\n\t\t\t\t<div class=\"elementor-widget-container\">\n\t\t\t<h2>TABLA DE INSCRIPCIONES 6\u00baCBT<\/h2>\n<table>\n<thead>\n<tr>\n<th>CATEGOR\u00cdA<\/th>\n<th>Hasta el 10\/09\/2024<\/th>\n<th>11\/09\/2024 al 10\/01\/2025<\/th>\n<th>Despu\u00e9s del 11\/01\/2025<\/th>\n<\/tr>\n<\/thead>\n<tbody>\n<tr>\n<td><\/td>\n<td>VALOR 6\u00baCBT<\/td>\n<td>VALOR 6\u00baCBT<\/td>\n<td>VALOR 6\u00baCBT<\/td>\n<\/tr>\n<tr>\n<td>Estudiante asociado<\/td>\n<td>R$ 490,00<\/td>\n<td>R$ 550,00<\/td>\n<td>R$ 690,00<\/td>\n<\/tr>\n<tr>\n<td>Estudiante no asociado<\/td>\n<td>R$ 690,00<\/td>\n<td>R$ 780,00<\/td>\n<td>R$ 990,00<\/td>\n<\/tr>\n<tr>\n<td>Profesional Socio (CBT)<\/td>\n<td>R$ 890,00<\/td>\n<td>R$ 1.140,00<\/td>\n<td>R$ 1.390,00<\/td>\n<\/tr>\n<tr>\n<td>Profesional No asociado<\/td>\n<td>R$ 1.420,00<\/td>\n<td>R$ 1.810,00<\/td>\n<td>R$ 2.190,00<\/td>\n<\/tr>\n<tr>\n<td>Asociados ABMS y asociaci\u00f3n hermana*<\/td>\n<td>R$ 1.090,00<\/td>\n<td>R$ 1.390,00<\/td>\n<td>R$ 1.690,00<\/td>\n<\/tr>\n<\/tbody>\n<\/table>\n\n\n\n\n\n<h2>TABLA DE INSCRIPCIONES CURSO PRE-CONGRESO 6\u00ba CBT<\/h2>\n<table>\n  <thead>\n    <tr>\n      <th>CATEGOR\u00cdA<\/th>\n      <th>Valor para inscritos en el 6\u00ba CBT<\/th>\n    <\/tr>\n  <\/thead>\n  <tbody>\n    <tr>\n      <td>Estudiante asociado \/ Estudiante no asociado *<\/td>\n      <td>R$ 550,00<\/td>\n    <\/tr>\n    <tr>\n      <td>Profesional Socio (CBT) \/ Asociados ABMS y asociaci\u00f3n hermana*<\/td>\n      <td>R$ 650,00<\/td>\n    <\/tr>\n    <tr>\n      <td>Profesional No asociado<\/td>\n      <td>R$ 800,00<\/td>\n    <\/tr>\n  <\/tbody>\n  <tfoot>\n    <tr>\n      <td colspan=\"2\">*Estudiantes (matriculados en un curso de grado o posgrado a tiempo completo)<\/td>\n    <\/tr>\n  <\/tfoot>\n<\/table>\n<p>Nota: Plazas limitadas para el curso pre-congreso.<\/p>\n\n<p><a href=\"index.php\/curso\/\" class=\"elementor-button-link elementor-button elementor-size-sm\" role=\"button\" style=\"border-color: #ff5e14;\n    background-color: #ff5e14;\">\n  <span class=\"elementor-button-content-wrapper\">\n    <span class=\"elementor-button-text\">Para m\u00e1s informaci\u00f3n sobre el curso haga clic aqu\u00ed<\/span>\n  <\/span>\n<\/a><\/p>\n\n<p>* Asociados ABMS y asociaci\u00f3n hermana (ABGE, ABRATT, ABRAMAN, IBRAM)<br>\n*** Para todas las categor\u00edas, el autor que tenga el art\u00edculo aprobado en la fase final, la inscripci\u00f3n tendr\u00e1 un descuento del 20% sobre el valor de la categor\u00eda, seg\u00fan la fecha de la tabla anterior. Este descuento es v\u00e1lido solo para el autor que envi\u00f3 el trabajo y no es acumulativo en caso de que el mismo autor env\u00ede varios trabajos. Si el trabajo no es aprobado, se cobrar\u00e1 la diferencia del valor. Si el participante no ha pagado la inscripci\u00f3n, el valor cobrado ser\u00e1 el de la tabla del d\u00eda, si la inscripci\u00f3n ya ha sido pagada, el valor cobrado de la diferencia ser\u00e1 el de la tabla del d\u00eda de la inscripci\u00f3n. Ej.: Trabajo aprobado - Estudiante - R$ 490,00 -20% = R$ 392,00; Ej.: Trabajo reprobado - Estudiante - R$ 490,00 - R$ 392,00 = R$ 98,00 (valor a pagar); <\/p>\n<h3>Reglas de inscripci\u00f3n<\/h3>\n<ul>\n<li>- Los estudiantes de pregrado y posgrado con dedicaci\u00f3n exclusiva deber\u00e1n adjuntar obligatoriamente el comprobante de categor\u00eda. Se aceptan como comprobante de categor\u00eda: declaraci\u00f3n de v\u00ednculo con la instituci\u00f3n superior, foto de la credencial de la instituci\u00f3n que contenga el nombre completo del estudiante, nombre de la instituci\u00f3n y fecha de validez vigente, recibo de pago de la cuota mensual con comprobante de pago de la misma u otro documento que contenga la informaci\u00f3n del estudiante, nombre de la instituci\u00f3n y fecha de validez vigente. No se aceptar\u00e1n como comprobante de categor\u00edas: fotos, documentos sin el nombre de la instituci\u00f3n, recibo de pago de la cuota mensual sin el comprobante de pago.<\/li>\n<li>- Los profesionales asociados a CBT, ABMS y todas las entidades hermanas, deber\u00e1n comprobar su vinculaci\u00f3n adjuntando el comprobante de pago de la cuota anual de 2024\/2025. La falta de env\u00edo del comprobante de categor\u00eda en el momento de la inscripci\u00f3n no permitir\u00e1 continuar con la misma.<\/li>\n<\/ul>\n<h3>Formas de pago<\/h3>\n<ul>\n<li>- Boleto bancario (con vencimiento hasta 3 d\u00edas despu\u00e9s de la emisi\u00f3n),<\/li>\n<li>- Tarjeta de d\u00e9bito y cr\u00e9dito (a la vista);<\/li>\n<li>- Compromiso\/Orden de pago<\/li>\n<p>* Para el pago por compromiso siga las instrucciones a continuaci\u00f3n:<\/p>\n<li>- Registre a cada uno de los participantes a trav\u00e9s del sistema;<\/li>\n<li>- En la forma de pago, seleccione la opci\u00f3n de compromiso;<\/li>\n<li>- env\u00ede al correo electr\u00f3nico secretaria@qeeventos.com.br los nombres de los participantes y el CPF;<\/li>\n<li>- solicite la documentaci\u00f3n necesaria para el registro de ABMS a la entidad pagadora, <br>IMPORTANTE- ABMS es una entidad sin fines de lucro y no emite Factura, solo recibo;<\/li>\n<li>- una vez que el compromiso y la orden de pago est\u00e9n listos, env\u00edelos por correo electr\u00f3nico para que podamos regularizar el registro en el sistema;<\/li>\n<li>- Solo se aceptar\u00e1n inscripciones con pago por Compromiso\/Orden de pago hasta el 10 de febrero de 2025.<\/li>\n<\/ul>\n<h3>Observaciones importantes<\/h3>\n<ul>\n<li>- El pago de las inscripciones por boleto, se podr\u00e1 realizar solo hasta el 3 de marzo de 2025.<\/li>\n<li>- Anticipe su inscripci\u00f3n, ya que las plazas para el evento est\u00e1n sujetas a la capacidad del lugar.<\/li>\n<li>- La inscripci\u00f3n del participante incluye: kit del participante y certificado (digital).<\/li>\n<li>- El certificado estar\u00e1 disponible en el sitio web oficial del evento, a trav\u00e9s del \u00e1rea del participante, despu\u00e9s de que termine el evento y debe ser retirado dentro de los seis meses posteriores a la realizaci\u00f3n. Preste atenci\u00f3n al llenado correcto de sus datos, evitando as\u00ed que su certificado salga con datos incorrectos.<\/li>\n<\/ul>\n<h3>Pol\u00edtica de reembolso<\/h3>\n<p>En caso de renuncia dentro de los 7 d\u00edas corridos posteriores al pago, el participante podr\u00e1 solicitar el valor del reembolso total de acuerdo con el Art. 49 del C\u00f3digo de Defensa del Consumidor. El reembolso se realizar\u00e1 dentro de los 7 d\u00edas h\u00e1biles. El participante deber\u00e1 enviar el correo electr\u00f3nico solicitado el reembolso e insertar en el mismo los datos bancarios para secretaria@qeeventos.com.br. <\/p>\n<p>Para las solicitudes enviadas despu\u00e9s del per\u00edodo de 7 d\u00edas, se reembolsar\u00e1 el 50% del valor pagado por la inscripci\u00f3n en el congreso dentro de los 30 d\u00edas posteriores al final del evento. Las solicitudes solo se podr\u00e1n realizar hasta el 17 de febrero de 2025, despu\u00e9s de esta fecha ya no habr\u00e1 m\u00e1s reembolso.<\/p>\n<h3>Intercambio de inscripci\u00f3n<\/h3>\n<p>Para realizar el intercambio de inscripci\u00f3n, es necesario que el congresante que se retira env\u00ede por correo electr\u00f3nico la solicitud de sustituci\u00f3n, informando el nombre y CPF del nuevo congresante, correo electr\u00f3nico y categor\u00eda del nuevo congresante. El intercambio solo se podr\u00e1 realizar con otro participante de la misma categor\u00eda.<\/p>\n<h3>2\u00aa V\u00eda del gafete<\/h3>\n<p>El gafete se emite en la secretar\u00eda del evento en el momento del acreditamiento. No nos responsabilizamos por la p\u00e9rdida del gafete proporcionado en el acreditamiento. La emisi\u00f3n de la segunda copia se realizar\u00e1 mediante el pago de una nueva inscripci\u00f3n.<\/p>\n    \n\n<style>\n        table {\n            width: 100%;\n            border-collapse: collapse;\n        }\n        th, td {\n            border: 1px solid #000;\n            padding: 8px;\n            text-align: center;\n        }\n        th {\n            background-color: #f2f2f2;\n        }\n        li{list-style:none;}\n    <\/style>\t\t<\/div>\n\t\t\t\t<\/div>\n\t\t\t\t<div class=\"elementor-element elementor-element-58e7154 elementor-hidden-desktop elementor-hidden-tablet elementor-hidden-phone elementor-widget elementor-widget-button\" data-id=\"58e7154\" data-element_type=\"widget\" data-widget_type=\"button.default\">\n\t\t\t\t<div class=\"elementor-widget-container\">\n\t\t\t\t\t<div class=\"elementor-button-wrapper\">\n\t\t\t<a href=\"https:\/\/6cbt.tuneis.org.br\/esp\/wp-content\/uploads\/2024\/05\/6\u00ba-CBT-LAT_tabela_inscricoes_V3.docx\" class=\"elementor-button-link elementor-button elementor-size-sm\" role=\"button\">\n\t\t\t\t\t\t<span class=\"elementor-button-content-wrapper\">\n\t\t\t\t\t\t<span class=\"elementor-button-text\">Download<\/span>\n\t\t<\/span>\n\t\t\t\t\t<\/a>\n\t\t<\/div>\n\t\t\t\t<\/div>\n\t\t\t\t<\/div>\n\t\t\t\t<div class=\"elementor-element elementor-element-65c1405 elementor-hidden-desktop elementor-hidden-tablet elementor-hidden-phone elementor-widget elementor-widget-html\" data-id=\"65c1405\" data-element_type=\"widget\" data-widget_type=\"html.default\">\n\t\t\t\t<div class=\"elementor-widget-container\">\n\t\t\t<p>Selecione a categoria e fa\u00e7a sua inscri\u00e7\u00e3o.<\/p>\n<iframe loading=\"lazy\" id=\"i1954c2e976354b72aed341951879ffcd\" src=\"https:\/\/web.eventogyn.com.br\/event\/6cbtlat\/registration\" width=\"100%\" height=\"600\"><\/iframe>\n    <script>\n        iFrameResize({\n            log: true, \/\/ Ativa o registro de informa\u00e7\u00f5es no console\n            checkOrigin: false, \/\/ Desativa a verifica\u00e7\u00e3o de origem (necess\u00e1rio para conte\u00fado do Eventogyn)\n            messageCallback: function(event) {\n                if (event.type === 'sizeChange') {\n                    console.log('Altura do iframe: ' + event.height);\n                    console.log('Largura do iframe: ' + event.width);\n                }\n            },\n        }, \"#i1954c2e976354b72aed341951879ffcd\");\n    <\/script>\t\t<\/div>\n\t\t\t\t<\/div>\n\t\t\t\t\t\t<\/div>\n\t\t\t\t\t<\/div>\n\t\t<\/div>\n\t\t\t\t\t\t\t\t<\/div>\n\t\t\t\t\t<\/div>\n\t\t<\/section>\n\t\t\t\t<section class=\"elementor-section elementor-top-section elementor-element elementor-element-cbafdef elementor-hidden-desktop elementor-hidden-tablet elementor-hidden-phone elementor-section-boxed elementor-section-height-default elementor-section-height-default\" data-id=\"cbafdef\" data-element_type=\"section\">\n\t\t\t\t\t\t<div class=\"elementor-container elementor-column-gap-default\">\n\t\t\t\t\t\t\t<div class=\"elementor-row\">\n\t\t\t\t\t<div class=\"elementor-column elementor-col-50 elementor-top-column elementor-element elementor-element-b1cdabc\" data-id=\"b1cdabc\" data-element_type=\"column\">\n\t\t\t<div class=\"elementor-column-wrap elementor-element-populated\">\n\t\t\t\t\t\t\t<div class=\"elementor-widget-wrap\">\n\t\t\t\t\t\t<div class=\"elementor-element elementor-element-0a220b0 elementor-hidden-desktop elementor-hidden-tablet elementor-hidden-phone elementor-widget elementor-widget-heading\" data-id=\"0a220b0\" data-element_type=\"widget\" data-widget_type=\"heading.default\">\n\t\t\t\t<div class=\"elementor-widget-container\">\n\t\t\t<div class=\"elementor-heading-title elementor-size-default\">Para inscribirse de nuevo, haga clic en el bot\u00f3n de abajo:<\/div>\t\t<\/div>\n\t\t\t\t<\/div>\n\t\t\t\t<div class=\"elementor-element elementor-element-14a09ad elementor-align-center elementor-hidden-desktop elementor-hidden-tablet elementor-hidden-phone elementor-widget elementor-widget-button\" data-id=\"14a09ad\" data-element_type=\"widget\" data-widget_type=\"button.default\">\n\t\t\t\t<div class=\"elementor-widget-container\">\n\t\t\t\t\t<div class=\"elementor-button-wrapper\">\n\t\t\t<a href=\"https:\/\/web.eventogyn.com.br\/event\/6cbtlat\/site\/index\/content\/inscricoes?locale=es\" target=\"_blank\" class=\"elementor-button-link elementor-button elementor-size-sm\" role=\"button\">\n\t\t\t\t\t\t<span class=\"elementor-button-content-wrapper\">\n\t\t\t\t\t\t<span class=\"elementor-button-text\">Haga clic aqu\u00ed para registrarse<\/span>\n\t\t<\/span>\n\t\t\t\t\t<\/a>\n\t\t<\/div>\n\t\t\t\t<\/div>\n\t\t\t\t<\/div>\n\t\t\t\t\t\t<\/div>\n\t\t\t\t\t<\/div>\n\t\t<\/div>\n\t\t\t\t<div class=\"elementor-column elementor-col-50 elementor-top-column elementor-element elementor-element-36d1db2\" data-id=\"36d1db2\" data-element_type=\"column\">\n\t\t\t<div class=\"elementor-column-wrap elementor-element-populated\">\n\t\t\t\t\t\t\t<div class=\"elementor-widget-wrap\">\n\t\t\t\t\t\t<div class=\"elementor-element elementor-element-a5629a9 elementor-widget elementor-widget-heading\" data-id=\"a5629a9\" data-element_type=\"widget\" data-widget_type=\"heading.default\">\n\t\t\t\t<div class=\"elementor-widget-container\">\n\t\t\t<div class=\"elementor-heading-title elementor-size-default\">Para hacer un seguimiento de su inscripci\u00f3n, haga clic en el siguiente bot\u00f3n:<\/div>\t\t<\/div>\n\t\t\t\t<\/div>\n\t\t\t\t<div class=\"elementor-element elementor-element-32dc322 elementor-align-center elementor-widget elementor-widget-button\" data-id=\"32dc322\" data-element_type=\"widget\" data-widget_type=\"button.default\">\n\t\t\t\t<div class=\"elementor-widget-container\">\n\t\t\t\t\t<div class=\"elementor-button-wrapper\">\n\t\t\t<a href=\"https:\/\/web.eventogyn.com.br\/event\/6cbtlat\/site\/index\/content\/area-do-participante?locale=es\" target=\"_blank\" class=\"elementor-button-link elementor-button elementor-size-sm\" role=\"button\">\n\t\t\t\t\t\t<span class=\"elementor-button-content-wrapper\">\n\t\t\t\t\t\t<span class=\"elementor-button-text\">Haga clic aqu\u00ed para seguir su inscripci\u00f3n<\/span>\n\t\t<\/span>\n\t\t\t\t\t<\/a>\n\t\t<\/div>\n\t\t\t\t<\/div>\n\t\t\t\t<\/div>\n\t\t\t\t\t\t<\/div>\n\t\t\t\t\t<\/div>\n\t\t<\/div>\n\t\t\t\t\t\t\t\t<\/div>\n\t\t\t\t\t<\/div>\n\t\t<\/section>\n\t\t\t\t\t\t<\/div>\n\t\t\t\t\t\t<\/div>\n\t\t\t\t\t<\/div>\n\t\t","protected":false},"excerpt":{"rendered":"<p>Inscripci\u00f3n TABLA DE INSCRIPCIONES 6\u00baCBT CATEGOR\u00cdA Hasta el 10\/09\/2024 11\/09\/2024 al 10\/01\/2025 Despu\u00e9s del 11\/01\/2025 VALOR 6\u00baCBT VALOR 6\u00baCBT VALOR 6\u00baCBT Estudiante asociado R$ 490,00 R$ 550,00 R$ 690,00 Estudiante no asociado R$ 690,00 R$ 780,00 R$ 990,00 Profesional Socio (CBT) R$ 890,00 R$ 1.140,00 R$ 1.390,00 Profesional No asociado R$ 1.420,00 R$ 1.810,00 R$ &hellip;<\/p>\n<p class=\"read-more\"> <a class=\"\" href=\"https:\/\/6cbt.tuneis.org.br\/esp\/index.php\/inscricoes\/\"> <span class=\"screen-reader-text\">Inscripci\u00f3n<\/span> Leer m\u00e1s &raquo;<\/a><\/p>\n","protected":false},"author":1,"featured_media":0,"parent":0,"menu_order":0,"comment_status":"closed","ping_status":"closed","template":"","meta":{"footnotes":""},"class_list":["post-2004","page","type-page","status-publish","hentry"],"_links":{"self":[{"href":"https:\/\/6cbt.tuneis.org.br\/esp\/index.php\/wp-json\/wp\/v2\/pages\/2004"}],"collection":[{"href":"https:\/\/6cbt.tuneis.org.br\/esp\/index.php\/wp-json\/wp\/v2\/pages"}],"about":[{"href":"https:\/\/6cbt.tuneis.org.br\/esp\/index.php\/wp-json\/wp\/v2\/types\/page"}],"author":[{"embeddable":true,"href":"https:\/\/6cbt.tuneis.org.br\/esp\/index.php\/wp-json\/wp\/v2\/users\/1"}],"replies":[{"embeddable":true,"href":"https:\/\/6cbt.tuneis.org.br\/esp\/index.php\/wp-json\/wp\/v2\/comments?post=2004"}],"version-history":[{"count":86,"href":"https:\/\/6cbt.tuneis.org.br\/esp\/index.php\/wp-json\/wp\/v2\/pages\/2004\/revisions"}],"predecessor-version":[{"id":3599,"href":"https:\/\/6cbt.tuneis.org.br\/esp\/index.php\/wp-json\/wp\/v2\/pages\/2004\/revisions\/3599"}],"wp:attachment":[{"href":"https:\/\/6cbt.tuneis.org.br\/esp\/index.php\/wp-json\/wp\/v2\/media?parent=2004"}],"curies":[{"name":"wp","href":"https:\/\/api.w.org\/{rel}","templated":true}]}}