{"id":1989,"date":"2020-11-30T13:32:09","date_gmt":"2020-11-30T13:32:09","guid":{"rendered":"http:\/\/5cbt.tuneis.com.br\/5cbt\/?page_id=1989"},"modified":"2024-10-01T15:51:46","modified_gmt":"2024-10-01T18:51:46","slug":"temas","status":"publish","type":"page","link":"https:\/\/6cbt.tuneis.org.br\/esp\/index.php\/temas\/","title":{"rendered":"Temas"},"content":{"rendered":"\t\t<div data-elementor-type=\"wp-post\" data-elementor-id=\"1989\" class=\"elementor elementor-1989\" data-elementor-settings=\"[]\">\n\t\t\t\t\t\t<div class=\"elementor-inner\">\n\t\t\t\t\t\t\t<div class=\"elementor-section-wrap\">\n\t\t\t\t\t\t\t<section class=\"elementor-section elementor-top-section elementor-element elementor-element-a1d0437 elementor-section-boxed elementor-section-height-default elementor-section-height-default\" data-id=\"a1d0437\" data-element_type=\"section\">\n\t\t\t\t\t\t<div class=\"elementor-container elementor-column-gap-default\">\n\t\t\t\t\t\t\t<div class=\"elementor-row\">\n\t\t\t\t\t<div class=\"elementor-column elementor-col-100 elementor-top-column elementor-element elementor-element-179d63c\" data-id=\"179d63c\" data-element_type=\"column\">\n\t\t\t<div class=\"elementor-column-wrap elementor-element-populated\">\n\t\t\t\t\t\t\t<div class=\"elementor-widget-wrap\">\n\t\t\t\t\t\t<div class=\"elementor-element elementor-element-a1afb0e elementor-widget elementor-widget-heading\" data-id=\"a1afb0e\" data-element_type=\"widget\" data-widget_type=\"heading.default\">\n\t\t\t\t<div class=\"elementor-widget-container\">\n\t\t\t<h1 class=\"elementor-heading-title elementor-size-default\">Temas<\/h1>\t\t<\/div>\n\t\t\t\t<\/div>\n\t\t\t\t<div class=\"elementor-element elementor-element-0b80107 elementor-widget elementor-widget-html\" data-id=\"0b80107\" data-element_type=\"widget\" data-widget_type=\"html.default\">\n\t\t\t\t<div class=\"elementor-widget-container\">\n\t\t\t<ul>\n  <li>Microt\u00faneles<\/li>\n  <li>T\u00faneles convencionales<\/li>\n  <li>T\u00faneles mecanizados<\/li>\n  <li>T\u00faneles mineros<\/li>\n  <li>T\u00faneles sumergidos<\/li>\n  <li>Excavaci\u00f3n de t\u00faneles en condiciones desafiantes: estudios de casos y lecciones aprendidas<\/li>\n  <li>Materiales: Hormig\u00f3n (gunita, moldeado), tratamientos, etc.<\/li>\n  <li>Instrumentaci\u00f3n \/ monitoreo (t\u00faneles en construcci\u00f3n y operaci\u00f3n)<\/li>\n  <li>Innovaciones en rob\u00f3tica y automatizaci\u00f3n: BIM, Big Data y Gemelo Digital<\/li>\n  <li>Seguridad, riesgo, operaci\u00f3n de estructuras subterr\u00e1neas<\/li>\n  <li>Pr\u00e1cticas contractuales, seguros y gesti\u00f3n de proyectos<\/li>\n  <li>Operaci\u00f3n y mantenimiento de t\u00faneles ferroviarios<\/li>\n  <li>Investigaciones y modelado geol\u00f3gico y geot\u00e9cnico<\/li>\n  <li>Sostenibilidad en soluciones de t\u00faneles y obras subterr\u00e1neas<\/li>\n  <li>Innovaci\u00f3n y Sostenibilidad en Miner\u00eda Subterr\u00e1nea<\/li>\n<\/ul>\t\t<\/div>\n\t\t\t\t<\/div>\n\t\t\t\t\t\t<\/div>\n\t\t\t\t\t<\/div>\n\t\t<\/div>\n\t\t\t\t\t\t\t\t<\/div>\n\t\t\t\t\t<\/div>\n\t\t<\/section>\n\t\t\t\t\t\t<\/div>\n\t\t\t\t\t\t<\/div>\n\t\t\t\t\t<\/div>\n\t\t","protected":false},"excerpt":{"rendered":"<p>Temas Microt\u00faneles T\u00faneles convencionales T\u00faneles mecanizados T\u00faneles mineros T\u00faneles sumergidos Excavaci\u00f3n de t\u00faneles en condiciones desafiantes: estudios de casos y lecciones aprendidas Materiales: Hormig\u00f3n (gunita, moldeado), tratamientos, etc. Instrumentaci\u00f3n \/ monitoreo (t\u00faneles en construcci\u00f3n y operaci\u00f3n) Innovaciones en rob\u00f3tica y automatizaci\u00f3n: BIM, Big Data y Gemelo Digital Seguridad, riesgo, operaci\u00f3n de estructuras subterr\u00e1neas Pr\u00e1cticas contractuales, &hellip;<\/p>\n<p class=\"read-more\"> <a class=\"\" href=\"https:\/\/6cbt.tuneis.org.br\/esp\/index.php\/temas\/\"> <span class=\"screen-reader-text\">Temas<\/span> Leer m\u00e1s &raquo;<\/a><\/p>\n","protected":false},"author":1,"featured_media":0,"parent":0,"menu_order":0,"comment_status":"closed","ping_status":"closed","template":"","meta":{"footnotes":""},"class_list":["post-1989","page","type-page","status-publish","hentry"],"_links":{"self":[{"href":"https:\/\/6cbt.tuneis.org.br\/esp\/index.php\/wp-json\/wp\/v2\/pages\/1989"}],"collection":[{"href":"https:\/\/6cbt.tuneis.org.br\/esp\/index.php\/wp-json\/wp\/v2\/pages"}],"about":[{"href":"https:\/\/6cbt.tuneis.org.br\/esp\/index.php\/wp-json\/wp\/v2\/types\/page"}],"author":[{"embeddable":true,"href":"https:\/\/6cbt.tuneis.org.br\/esp\/index.php\/wp-json\/wp\/v2\/users\/1"}],"replies":[{"embeddable":true,"href":"https:\/\/6cbt.tuneis.org.br\/esp\/index.php\/wp-json\/wp\/v2\/comments?post=1989"}],"version-history":[{"count":17,"href":"https:\/\/6cbt.tuneis.org.br\/esp\/index.php\/wp-json\/wp\/v2\/pages\/1989\/revisions"}],"predecessor-version":[{"id":3034,"href":"https:\/\/6cbt.tuneis.org.br\/esp\/index.php\/wp-json\/wp\/v2\/pages\/1989\/revisions\/3034"}],"wp:attachment":[{"href":"https:\/\/6cbt.tuneis.org.br\/esp\/index.php\/wp-json\/wp\/v2\/media?parent=1989"}],"curies":[{"name":"wp","href":"https:\/\/api.w.org\/{rel}","templated":true}]}}